ulate the highest common divisor of 1410 and 120.
30
What is the greatest common factor of 78 and 338?
26
Calculate the greatest common divisor of 2580 and 300.
60
What is the highest common factor of 264 and 5192?
88
Calculate the greatest common factor of 2829 and 69.
69
Calculate the greatest common factor of 34 and 49.
1
What is the highest common factor of 11010 and 20?
10
Calculate the greatest common divisor of 22 and 1441.
11
Calculate the greatest common divisor of 3 and 33.
3
What is the highest common divisor of 175 and 112?
7
Calculate the highest common divisor of 1189 and 41.
41
What is the greatest common divisor of 6 and 109?
1
Calculate the greatest common divisor of 51 and 5151.
51
What is the highest common divisor of 4247 and 31?
31
Calculate the highest common factor of 119 and 136.
17
Calculate the highest common factor of 1080 and 440.
40
Calculate the highest common divisor of 10 and 3005.
5
Calculate the highest common factor of 57 and 912.
57
What is the highest common divisor of 18 and 774?
18
Calculate the greatest common divisor of 310 and 713.
31
Calculate the highest common divisor of 18 and 45.
9
Calculate the greatest common divisor of 27630 and 30.
30
What is the greatest common divisor of 140 and 380?
20
Calculate the highest common factor of 10686 and 78.
78
What is the greatest common factor of 658 and 126?
14
Calculate the greatest common factor of 8936 and 8.
8
What is the highest common divisor of 6962 and 118?
118
Calculate the greatest common factor of 529 and 69.
23
What is the highest common divisor of 49 and 875?
7
What is the highest common divisor of 102 and 170?
34
What is the highest common factor of 172 and 12?
4
Calculate the greatest common factor of 24 and 876.
12
What is the highest common factor of 97 and 8730?
97
Calculate the highest common divisor of 20 and 5085.
5
What is the highest common divisor of 348 and 12?
12
Calculate the highest common factor of 14 and 16.
2
Calculate the greatest common factor of 16338 and 42.
42
What is the highest common divisor of 1586 and 2074?
122
What is the highest common divisor of 7375 and 375?
125
What is the highest common divisor of 4169 and 22?
11
Calculate the highest common divisor of 44 and 1837.
11
Calculate the greatest common divisor of 30 and 190.
10
Calculate the greatest common factor of 9 and 27.
9
Calculate the greatest common divisor of 1 and 95.
1
What is the highest common divisor of 34 and 238?
34
Calculate the greatest common divisor of 3480 and 87.
87
Calculate the greatest common divisor of 355 and 852.
71
Calculate the highest common factor of 13 and 403.
13
What is the greatest common factor of 154 and 3465?
77
What is the greatest common divisor of 148 and 370?
74
Calculate the greatest common divisor of 156 and 234.
78
What is the greatest common divisor of 14 and 12866?
14
What is the highest common factor of 14 and 259?
7
What is the highest common divisor of 36 and 3240?
36
Calculate the highest common factor of 304 and 114.
38
What is the highest common divisor of 20 and 44?
4
Calculate the highest common divisor of 738 and 18.
18
What is the greatest common divisor of 44 and 2222?
22
What is the highest common divisor of 656 and 1148?
164
What is the greatest common divisor of 4125 and 11?
11
What is the highest common divisor of 10 and 40?
10
Calculate the greatest common divisor of 1008 and 576.
144
What is the greatest common divisor of 180 and 480?
60
What is the greatest common divisor of 13 and 312?
13
Calculate the highest common divisor of 5842 and 1778.
254
Calculate the greatest common divisor of 194 and 8633.
97
What is the highest common divisor of 594 and 2574?
198
What is the highest common divisor of 894 and 3725?
149
What is the highest common divisor of 534 and 89?
89
What is the highest common factor of 168 and 966?
42
Calculate the greatest common factor of 294 and 10731.
147
Calculate the greatest common divisor of 15 and 3960.
15
Calculate the highest common factor of 28 and 294.
14
Calculate the highest common divisor of 6237 and 77.
77
Calculate the highest common factor of 114 and 152.
38
Calculate the highest common factor of 15 and 393.
3
Calculate the highest common factor of 8730 and 40.
10
What is the highest common divisor of 200 and 40?
40
What is the highest common factor of 203 and 7?
7
Calculate the highest common factor of 180 and 2.
2
What is the greatest common factor of 141 and 2773?
47
Calculate the highest common divisor of 20 and 395.
5
What is the greatest common factor of 2535 and 75?
15
Calculate the greatest common divisor of 8 and 248.
8
Calculate the greatest common divisor of 1868 and 16.
4
Calculate the greatest common factor of 702 and 36.
18
Calculate the greatest common divisor of 175 and 35.
35
What is the highest common divisor of 590 and 354?
118
What is the highest common factor of 1220 and 15?
5
Calculate the highest common factor of 19 and 95.
19
Calculate the greatest common factor of 6921 and 9.
9
Calculate the greatest common divisor of 3151 and 959.
137
What is the greatest common divisor of 1477 and 21?
7
Calculate the greatest common factor of 280 and 175.
35
What is the greatest common factor of 60 and 480?
60
What is the greatest common factor of 290 and 40?
10
What is the greatest common factor of 35 and 14?
7
Calculate the greatest common divisor of 232 and 1566.
58
What is the highest common factor of 65 and 793?
13
Calculate the greatest common divisor of 15290 and 110.
110
What is the greatest common divisor of 2856 and 40?
8
Calculate the greatest common factor of 371 and 91.
7
Calculate the highest common divisor of 308 and 560.
28
What is the greatest common factor of 27 and 1116?
9
Calculate the greatest common factor of 45 and 105.
15
What is the greatest common factor of 78 and 30?
6
Calculate the highest common divisor of 50 and 150.
50
Calculate the highest common factor of 20 and 1535.
5
Calculate the greatest common factor of 215 and 129.
43
Calculate the greatest common divisor of 961 and 31.
31
Calculate the highest common divisor of 45 and 1145.
5
Calculate the greatest common factor of 99 and 36.
9
Calculate the greatest common factor of 319 and 232.
29
What is the greatest common divisor of 11 and 44?
11
What is the highest common divisor of 111 and 3?
3
Calculate the highest common divisor of 480 and 60.
60
What is the highest common divisor of 703 and 19?
19
Calculate the highest common divisor of 238 and 442.
34
What is the greatest common divisor of 2911 and 41?
41
What is the greatest common divisor of 64 and 800?
32
What is the highest common factor of 16 and 1536?
16
What is the greatest common divisor of 145691 and 13?
13
Calculate the greatest common factor of 3 and 303.
3
What is the highest common factor of 69 and 851?
23
What is the greatest common divisor of 36 and 46?
2
Calculate the greatest common divisor of 545 and 218.
109
What is the greatest common divisor of 228 and 12711?
57
Calculate the greatest common divisor of 2 and 226.
2
What is the highest common divisor of 196 and 147?
49
What is the highest common factor of 54 and 702?
54
Calculate the greatest common factor of 11814 and 22.
22
What is the greatest common divisor of 22 and 759?
11
What is the highest common divisor of 297 and 4785?
33
Calculate the greatest common divisor of 2542 and 82.
82
What is the highest common factor of 14110 and 170?
170
What is the highest common divisor of 20 and 82?
2
What is the highest common divisor of 2404 and 24?
4
What is the greatest common factor of 51 and 8619?
51
Calculate the greatest common factor of 1030 and 10.
10
Calculate the highest common factor of 6187 and 46.
23
What is the highest common divisor of 1659 and 21?
21
What is the highest common divisor of 27 and 621?
27
Calculate the greatest common divisor of 7 and 23.
1
Calculate the greatest common factor of 18 and 5532.
6
Calculate the greatest common divisor of 333 and 1147.
37
What is the greatest common divisor of 72 and 24?
24
What is the highest common factor of 512 and 7552?
128
Calculate the greatest common divisor of 1921 and 17.
17
Calculate the highest common divisor of 64 and 33.
1
Calculate the highest common factor of 378 and 1323.
189
Wh